ase 6
-15
What is -32 (base 5) in base 9?
-18
What is -1302 (base 4) in base 13?
-8a
Convert -33 (base 8) to base 2.
-11011
Convert 1012 (base 3) to base 6.
52
What is -1100111 (base 2) in base 7?
-205
What is 41 (base 7) in base 14?
21
What is -d5 (base 15) in base 12?
-148
What is 3 (base 5) in base 13?
3
-aa (base 11) to base 12
-a0
Convert -4 (base 11) to base 12.
-4
Convert 0 (base 11) to base 4.
0
67 (base 15) to base 11
89
What is -363 (base 7) in base 13?
-11a
What is 73 (base 14) in base 11?
92
What is 1e (base 16) in base 14?
22
What is -10 (base 2) in base 14?
-2
Convert -4 (base 7) to base 3.
-11
-6a (base 11) to base 15
-51
1 (base 14) to base 8
1
What is 6 (base 11) in base 12?
6
1 (base 5) to base 8
1
20221 (base 3) to base 11
160
Convert -1 (base 2) to base 8.
-1
8 (base 16) to base 15
8
476 (base 8) to base 10
318
-a8 (base 16) to base 14
-c0
Convert -1101 (base 4) to base 14.
-5b
What is -2 (base 13) in base 9?
-2
Convert 3 (base 9) to base 8.
3
What is 3 (base 12) in base 7?
3
1 (base 5) to base 7
1
Convert -5 (base 9) to base 4.
-11
What is 3 (base 10) in base 15?
3
-10 (base 7) to base 14
-7
Convert 14 (base 6) to base 12.
a
What is 20 (base 4) in base 14?
8
Convert 20111 (base 3) to base 13.
106
-46 (base 13) to base 7
-112
Convert -1c (base 14) to base 10.
-26
What is 22 (base 7) in base 13?
13
Convert -38 (base 9) to base 7.
-50
11 (base 14) to base 16
f
-11 (base 2) to base 15
-3
What is 2 (base 13) in base 12?
2
What is 5 (base 8) in base 4?
11
4 (base 16) to base 11
4
Convert -10 (base 16) to base 6.
-24
-21 (base 3) to base 14
-7
Convert 60 (base 12) to base 10.
72
Convert 7 (base 14) to base 11.
7
What is -100 (base 4) in base 14?
-12
3 (base 8) to base 12
3
Convert -a (base 13) to base 2.
-1010
1 (base 7) to base 8
1
-d (base 14) to base 3
-111
248 (base 11) to base 6
1210
What is -3 (base 11) in base 8?
-3
Convert -6 (base 9) to base 14.
-6
What is -27 (base 13) in base 12?
-29
-5 (base 10) to base 3
-12
Convert 1 (base 12) to base 8.
1
0 (base 7) to base 9
0
Convert -3 (base 14) to base 5.
-3
-24 (base 7) to base 10
-18
-163 (base 11) to base 2
-10111110
Convert 1 (base 7) to base 9.
1
What is -1 (base 16) in base 5?
-1
11 (base 4) to base 14
5
Convert 2a (base 16) to base 10.
42
196 (base 13) to base 9
354
What is -4 (base 10) in base 16?
-4
11 (base 2) to base 10
3
Convert -29 (base 13) to base 14.
-27
Convert 2 (base 4) to base 9.
2
Convert -10 (base 3) to base 15.
-3
100 (base 4) to base 9
17
What is -132 (base 8) in base 13?
-6c
What is -110100101 (base 2) in base 14?
-221
-11 (base 2) to base 12
-3
Convert -33 (base 14) to base 12.
-39
What is 4 (base 6) in base 14?
4
What is -1 (base 10) in base 16?
-1
-12 (base 3) to base 11
-5
What is -35 (base 10) in base 14?
-27
What is 5 (base 13) in base 5?
10
Convert -100 (base 8) to base 16.
-40
What is 422 (base 6) in base 3?
12212
Convert -2 (base 6) to base 5.
-2
Convert -87 (base 10) to base 7.
-153
What is 2 (base 12) in base 14?
2
Convert 1 (base 10) to base 5.
1
What is -10 (base 3) in base 5?
-3
What is 6 (base 16) in base 8?
6
What is 137 (base 8) in base 16?
5f
What is a (base 15) in base 5?
20
Convert -1 (base 4) to base 10.
-1
What is 300 (base 7) in base 2?
10010011
Convert -10100011 (base 2) to base 5.
-1123
What is -2 (base 4) in base 12?
-2
Convert -111 (base 2) to base 11.
-7
What is -220 (base 4) in base 7?
-55
What is 4 (base 15) in base 13?
4
What is -10111 (base 3) in base 7?
-163
Convert -a (base 12) to base 8.
-12
Convert -24 (base 6) to base 16.
-10
What is -2 (base 5) in base 4?
-2
Convert 31 (base 7) to base 13.
19
Convert b (base 14) to base 10.
11
What is -3 (base 5) in base 2?
-11
Convert 0 (base 15) to base 13.
0
Convert -4 (base 12) to base 3.
-11
Convert -2013 (base 4) to base 14.
-99
What is 6 (base 15) in base 11?
6
Convert -5 (base 12) to base 16.
-5
What is 10 (base 8) in base 3?
22
What is -100101 (base 2) in base 7?
-52
What is -111 (base 10) in base 12?
-93
bd (base 15) to base 6
454
14 (base 5) to base 15
9
Convert -12 (base 6) to base 2.
-1000
1 (base 9) to base 14
1
Convert 4 (base 10) to base 5.
4
What is 271 (base 11) in base 5?
2240
Convert 1233 (base 4) to base 7.
216
Convert 5 (base 11) to base 4.
11
What is -3 (base 9) in base 11?
-3
Convert 0 (base 14) to base 3.
0
What is 110 (base 4) in base 11?
19
Convert 2 (base 4) to base 5.
2
-21 (base 7) to base 8
-17
18 (base 11) to base 9
21
What is 2 (base 5) in base 8?
2
Convert -7 (base 9) to base 13.
-7
Convert -67 (base 13) to base 10.
-85
-6 (base 8) to base 9
-6
Convert -445 (base 6) to base 9.
-212
What is 14 (base 6) in base 2?
1010
-210 (base 5) to base 4
-313
-2 (base 11) to base 6
-2
What is 23 (base 16) in base 11?
32
8 (base 9) to base 15
8
What is 25 (base 10) in base 6?
41
-1 (base 5) to base 2
-1
What is 3 (base 10) in base 4?
3
Convert -7 (base 14) to base 3.
-21
Convert de (base 15) to base 5.
1314
1001000 (base 2) to base 6
200
Convert 1 (base 8) to base 9.
1
214 (base 9) to base 8
257
9 (base 14) to base 10
9
Convert 9 (base 14) to base 4.
21
-5 (base 15) to base 9
-5
Convert -132 (base 6) to base 10.
-56
What is 1 (base 13) in base 2?
1
2 (base 12) to base 14
2
Convert -2c (base 16) to base 6.
-112
What is -502 (base 6) in base 2?
-10110110
-104 (base 10) to base 16
-68
What is -64 (base 12) in base 6?
-204
Convert 0 (base 7) to base 15.
0
What is 1 (base 9) in base 14?
1
253 (base 6) to base 10
105
Convert 1 (base 15) to base 16.
1
Convert -43 (base 5) to base 13.
-1a
What is -106 (base 8) in base 3?
-2121
-55 (base 6) to base 10
-35
Convert -20 (base 4) to base 15.
-8
-10 (base 2) to base 6
-2
Convert -133 (base 5) to base 14.
-31
-22012 (base 3) to base 11
-191
Convert -2 (base 7) to base 10.
-2
Convert 0 (base 16) to base 8.
0
What is 3 (base 8) in base 11?
3
-110 (base 3) to base 8
-14
Convert 15b (base 15) to base 7.
623
4 (base 8) to base 13
4
Convert 1c (base 16) to base 9.
31
What is 0 (base 13) in base 4?
0
-60 (base 10) to base 15
-40
55 (base 12) to base 8
101
Convert -3 (base 7) to base 14.
-3
What is 100101 (base 2) in base 7?
52
What is -4 (base 7) in base 12?
-4
What is -25 (base 7) in base 5?
-34
What is -37 (base 12) in base 8?
-53
What is 11 (base 3) in base 15?
4
Convert 23 (base 8) to base 2.
10011
Convert 20 (base 3) to base 9.
6
-10011 (base 2) to base 6
-31
Convert 1 (base 6) to base 4.
1
1 (base 8) to base 15
1
-463 (base 7) to base 3
-22221
29 (base 12) to base 5
113
Convert -2 (base 7) to base 6.
-2
-303 (base 4) to base 14
-39
101100 (base 2) to base 3
1122
20 (base 6) to base 13
c
Convert -3 (base 4) to base 7.
-3
What is -42 (base 6) in base 4?
-122
Convert -3 (base 10) to base 2.
-11
-2 (base 5) to base 15
-2
What is 4 (base 10) in base 12?
4
Convert -67 (base 11) to base 15.
-4d
Convert -72 (base 8) to base 14.
-42
Convert 2233 (base 4) to base 14.
c7
Convert -11 (base 10) to base 6.
-15
Convert -37 (base 14) to base 9.
-54
14 (base 6) to base 10
10
3 (base 4) to base 13
3
-23 (base 11) to base 9
-27
Convert 2b (base 12) to base 7.
50
Convert -31 (base 11) to base 7.
-46
What is 1 (base 5) in base 9?
1
-5 (base 12) to base 11
-5
Convert 1 (base 11) to base 15.
1
0 (base 14) to base 2
0
1 (base 10) to base 11
1
-15 (base 15) to base 6
-32
-b (base 16) to base 13
-b
202 (base 4) to base 16
22
Convert 0 (base 5) to base 3.
0
What is -3 (base 9) in base 2?
-11
Convert 2 (base 9) to base 7.
2
Convert db (base 15) to base 13.
12b
Convert 33 (base 6) to base 5.
41
2 (base 13) to base 16
2
Convert 37 (base 13) to base 14.
34
-3100 (base 4) to base 2
-11010000
-9 (base 10) to base 15
-9
141 (base 6) to base 8
75
Convert -22 (base 4) to base 12.
-a
-9 (base 13) to base 14
-9
Convert d5 (base 14) to base 7.
355
What is 11 (base 2) in base 11?
3
What is -125 (base 10) in base 5?
-1000
What is 4 (base 5) in base 4?
10
What is 74 (base 10) in base 11?
68
What is -1 (base 2) in base 11?
-1
Convert 2 (base 16) to base 15.
2
What is -1 (base 8) in base 2?
-1
Convert -41 (base 5) to base 13.
-18
28 (base 12) to base 13
26
Convert 100 (base 3) to base 9.
10
Convert -f8 (base 16) to base 5.
-1443
What is -b (base 15) in base 14?
-b
What is -18 (base 9) in base 4?
-101
Convert 136 (base 8) to base 9.
114
What is 2 (base 3) in base 8?
2
